ctors of 1662?
2, 3, 277
What are the prime factors of 115088?
2, 7193
What are the prime factors of 4005?
3, 5, 89
List the prime factors of 6128.
2, 383
What are the prime factors of 11386?
2, 5693
What are the prime factors of 1759?
1759
List the prime factors of 3668.
2, 7, 131
List the prime factors of 3179.
11, 17
What are the prime factors of 6756?
2, 3, 563
What are the prime factors of 32348?
2, 8087
List the prime factors of 5412.
2, 3, 11, 41
What are the prime factors of 486?
2, 3
What are the prime factors of 44570?
2, 5, 4457
List the prime factors of 2630.
2, 5, 263
List the prime factors of 59386.
2, 23, 1291
What are the prime factors of 1505?
5, 7, 43
What are the prime factors of 64520?
2, 5, 1613
What are the prime factors of 4725?
3, 5, 7
What are the prime factors of 94525?
5, 19, 199
List the prime factors of 77047.
77047
List the prime factors of 941.
941
List the prime factors of 23808.
2, 3, 31
What are the prime factors of 1052?
2, 263
What are the prime factors of 659?
659
List the prime factors of 11231.
11, 1021
What are the prime factors of 22177?
67, 331
What are the prime factors of 1789?
1789
What are the prime factors of 2961?
3, 7, 47
List the prime factors of 1111.
11, 101
What are the prime factors of 3791?
17, 223
What are the prime factors of 1568?
2, 7
List the prime factors of 90146.
2, 7, 47, 137
What are the prime factors of 9359?
7, 191
List the prime factors of 1156.
2, 17
What are the prime factors of 108369?
3, 12041
What are the prime factors of 4111?
4111
What are the prime factors of 126?
2, 3, 7
List the prime factors of 3958.
2, 1979
List the prime factors of 642.
2, 3, 107
What are the prime factors of 969?
3, 17, 19
What are the prime factors of 661?
661
What are the prime factors of 1039?
1039
List the prime factors of 2226.
2, 3, 7, 53
List the prime factors of 14391.
3, 13, 41
What are the prime factors of 142180?
2, 5, 7109
List the prime factors of 1671.
3, 557
What are the prime factors of 365?
5, 73
What are the prime factors of 5478?
2, 3, 11, 83
What are the prime factors of 68?
2, 17
List the prime factors of 1322.
2, 661
What are the prime factors of 111788?
2, 27947
What are the prime factors of 62914?
2, 83, 379
What are the prime factors of 64174?
2, 11, 2917
List the prime factors of 2939.
2939
What are the prime factors of 23790?
2, 3, 5, 13, 61
List the prime factors of 26370.
2, 3, 5, 293
What are the prime factors of 1788?
2, 3, 149
List the prime factors of 10525.
5, 421
List the prime factors of 9557.
19, 503
List the prime factors of 14273.
7, 2039
What are the prime factors of 103551?
3, 7, 4931
What are the prime factors of 492?
2, 3, 41
List the prime factors of 131972.
2, 32993
What are the prime factors of 2528?
2, 79
List the prime factors of 12740.
2, 5, 7, 13
List the prime factors of 5606.
2, 2803
List the prime factors of 9743.
9743
What are the prime factors of 771?
3, 257
What are the prime factors of 117018?
2, 3, 11, 197
List the prime factors of 44132.
2, 11, 17, 59
List the prime factors of 327.
3, 109
What are the prime factors of 20239?
37, 547
What are the prime factors of 116032?
2, 7, 37
What are the prime factors of 15785?
5, 7, 11, 41
List the prime factors of 761.
761
What are the prime factors of 30581?
53, 577
What are the prime factors of 7553?
7, 13, 83
What are the prime factors of 20344?
2, 2543
List the prime factors of 100252.
2, 71, 353
What are the prime factors of 36182?
2, 79, 229
What are the prime factors of 996?
2, 3, 83
What are the prime factors of 2061?
3, 229
List the prime factors of 18789.
3, 6263
List the prime factors of 4813.
4813
List the prime factors of 2573.
31, 83
List the prime factors of 170318.
2, 85159
What are the prime factors of 76319?
167, 457
What are the prime factors of 113644?
2, 28411
What are the prime factors of 906?
2, 3, 151
List the prime factors of 9548.
2, 7, 11, 31
What are the prime factors of 782?
2, 17, 23
What are the prime factors of 102830?
2, 5, 7, 13, 113
List the prime factors of 4531.
23, 197
List the prime factors of 1611.
3, 179
List the prime factors of 7933.
7933
What are the prime factors of 127279?
17, 7487
What are the prime factors of 28460?
2, 5, 1423
What are the prime factors of 11027?
11027
What are the prime factors of 28629?
3, 3181
What are the prime factors of 2383?
2383
What are the prime factors of 3806?
2, 11, 173
What are the prime factors of 1435?
5, 7, 41
What are the prime factors of 28149?
3, 11, 853
List the prime factors of 981.
3, 109
List the prime factors of 3185.
5, 7, 13
List the prime factors of 3981.
3, 1327
List the prime factors of 4020.
2, 3, 5, 67
List the prime factors of 1032.
2, 3, 43
List the prime factors of 63035.
5, 7, 1801
List the prime factors of 1067.
11, 97
What are the prime factors of 1240?
2, 5, 31
List the prime factors of 2792.
2, 349
List the prime factors of 1599.
3, 13, 41
What are the prime factors of 50106?
2, 3, 7, 1193
List the prime factors of 3697.
3697
What are the prime factors of 29883?
3, 7, 1423
What are the prime factors of 1314?
2, 3, 73
What are the prime factors of 1549?
1549
What are the prime factors of 2650?
2, 5, 53
What are the prime factors of 96290?
2, 5, 9629
List the prime factors of 9489.
3, 3163
List the prime factors of 3991.
13, 307
What are the prime factors of 55172?
2, 13, 1061
List the prime factors of 12126.
2, 3, 43, 47
What are the prime factors of 41939?
17, 2467
List the prime factors of 25702.
2, 71, 181
List the prime factors of 580.
2, 5, 29
What are the prime factors of 13786?
2, 61, 113
What are the prime factors of 8760?
2, 3, 5, 73
List the prime factors of 19177.
127, 151
List the prime factors of 376.
2, 47
List the prime factors of 2833.
2833
List the prime factors of 50234.
2, 25117
List the prime factors of 1578.
2, 3, 263
List the prime factors of 3701.
3701
What are the prime factors of 5737?
5737
List the prime factors of 9653.
7, 197
What are the prime factors of 3180?
2, 3, 5, 53
What are the prime factors of 21116?
2, 5279
What are the prime factors of 87128?
2, 10891
List the prime factors of 2846.
2, 1423
List the prime factors of 5132.
2, 1283
List the prime factors of 9069.
3, 3023
List the prime factors of 1925.
5, 7, 11
List the prime factors of 38278.
2, 19139
List the prime factors of 355.
5, 71
What are the prime factors of 7199?
23, 313
What are the prime factors of 7810?
2, 5, 11, 71
List the prime factors of 4093.
4093
List the prime factors of 12920.
2, 5, 17, 19
What are the prime factors of 36046?
2, 67, 269
List the prime factors of 2253.
3, 751
What are the prime factors of 88096?
2, 2753
What are the prime factors of 37211?
127, 293
What are the prime factors of 1611?
3, 179
List the prime factors of 1239.
3, 7, 59
What are the prime factors of 4723?
4723
What are the prime factors of 1055?
5, 211
List the prime factors of 19005.
3, 5, 7, 181
List the prime factors of 1271.
31, 41
List the prime factors of 738.
2, 3, 41
List the prime factors of 1284.
2, 3, 107
List the prime factors of 102906.
2, 3, 5717
List the prime factors of 283.
283
What are the prime factors of 9055?
5, 1811
What are the prime factors of 14310?
2, 3, 5, 53
List the prime factors of 16009.
7, 2287
List the prime factors of 1863.
3, 23
What are the prime factors of 5747?
7, 821
What are the prime factors of 383?
383
List the prime factors of 9982.
2, 7, 23, 31
List the prime factors of 867.
3, 17
What are the prime factors of 230?
2, 5, 23
List the prime factors of 1879.
1879
What are the prime factors of 203?
7, 29
List the prime factors of 175.
5, 7
What are the prime factors of 424?
2, 53
List the prime factors of 2820.
2, 3, 5, 47
List the prime factors of 706.
2, 353
List the prime factors of 1125.
3, 5
What are the prime factors of 38?
2, 19
List the prime factors of 3463.
3463
What are the prime factors of 23140?
2, 5, 13, 89
List the prime factors of 11861.
29, 409
What are the prime factors of 641?
641
What are the prime factors of 324?
2, 3
List the prime factors of 11418.
2, 3, 11, 173
List the prime factors of 60.
2, 3, 5
What are the prime factors of 30580?
2, 5, 11, 139
List the prime factors of 92521.
11, 13, 647
List the prime factors of 18873.
3, 233
List the prim